t of 730816719?
9
What is the hundred millions digit of 341500498?
3
What is the hundred millions digit of 594282775?
5
What is the ten thousands digit of 112222876?
2
What is the ten thousands digit of 3407373104?
7
What is the ten thousands digit of 65645927?
4
What is the ten millions digit of 203823298?
0
What is the ten millions digit of 39998872?
3
What is the millions digit of 5726188954?
6
What is the hundred millions digit of 488882845?
4
What is the hundreds digit of 109843849?
8
What is the hundred millions digit of 1999653757?
9
What is the tens digit of 86841291?
9
What is the millions digit of 99474125?
9
What is the ten thousands digit of 1207079120?
7
What is the thousands digit of 20582253?
2
What is the ten thousands digit of 42429?
4
What is the ten thousands digit of 338298728?
9
What is the hundred millions digit of 2207892328?
2
What is the ten thousands digit of 6641836551?
3
What is the tens digit of 6210100906?
0
What is the hundred millions digit of 230186356?
2
What is the hundred thousands digit of 42536365?
5
What is the hundred thousands digit of 54424981?
4
What is the ten millions digit of 54123536?
5
What is the hundred thousands digit of 204752594?
7
What is the hundred thousands digit of 399697213?
6
What is the tens digit of 40351308?
0
What is the units digit of 29226132?
2
What is the units digit of 166798169?
9
What is the thousands digit of 448734466?
4
What is the thousands digit of 77416503?
6
What is the hundred thousands digit of 218049891?
0
What is the hundreds digit of 1889207794?
7
What is the thousands digit of 979111518?
1
What is the units digit of 14401715?
5
What is the hundred millions digit of 942796463?
9
What is the ten thousands digit of 931121575?
2
What is the hundred thousands digit of 5535389?
5
What is the units digit of 30125262?
2
What is the hundreds digit of 402158750?
7
What is the hundred thousands digit of 19209439?
2
What is the thousands digit of 367372395?
2
What is the hundred millions digit of 552097049?
5
What is the tens digit of 121074722?
2
What is the tens digit of 141299295?
9
What is the hundreds digit of 217428021?
0
What is the ten thousands digit of 808560887?
6
What is the millions digit of 3720143384?
0
What is the ten thousands digit of 92176894?
7
What is the hundred millions digit of 322706273?
3
What is the millions digit of 1500341376?
0
What is the ten thousands digit of 38122841?
2
What is the hundred thousands digit of 37452604?
4
What is the ten millions digit of 101983141?
0
What is the ten millions digit of 13897909?
1
What is the billions digit of 4043021961?
4
What is the tens digit of 2475635911?
1
What is the hundreds digit of 468355046?
0
What is the billions digit of 2621165541?
2
What is the hundreds digit of 40653295?
2
What is the ten millions digit of 276079847?
7
What is the millions digit of 3141987971?
1
What is the units digit of 205552407?
7
What is the hundred thousands digit of 20242765?
2
What is the millions digit of 50678182?
0
What is the millions digit of 60111347?
0
What is the thousands digit of 47234007?
4
What is the hundreds digit of 164218888?
8
What is the thousands digit of 249348466?
8
What is the tens digit of 4435397?
9
What is the hundred millions digit of 6150655633?
1
What is the thousands digit of 569113113?
3
What is the tens digit of 3783999?
9
What is the millions digit of 99709754?
9
What is the units digit of 112590629?
9
What is the millions digit of 75518806?
5
What is the thousands digit of 332363660?
3
What is the millions digit of 38296808?
8
What is the hundreds digit of 106856862?
8
What is the hundreds digit of 108184978?
9
What is the hundred thousands digit of 210271153?
2
What is the units digit of 27729397?
7
What is the tens digit of 6582780157?
5
What is the ten thousands digit of 180558635?
5
What is the thousands digit of 3783610372?
0
What is the billions digit of 1097439237?
1
What is the tens digit of 78376632?
3
What is the hundreds digit of 24736060?
0
What is the ten millions digit of 1787189669?
8
What is the thousands digit of 294152051?
2
What is the tens digit of 38142753?
5
What is the tens digit of 5343102795?
9
What is the ten thousands digit of 2247086842?
8
What is the hundred thousands digit of 9705467?
7
What is the thousands digit of 558064507?
4
What is the units digit of 2958463594?
4
What is the millions digit of 433639585?
3
What is the ten thousands digit of 538888514?
8
What is the units digit of 41620866?
6
What is the ten thousands digit of 2579867333?
6
What is the units digit of 181534506?
6
What is the hundred thousands digit of 48419087?
4
What is the ten thousands digit of 1823887748?
8
What is the hundreds digit of 393085927?
9
What is the hundred thousands digit of 48655341?
6
What is the hundred millions digit of 5207378501?
2
What is the millions digit of 267466192?
7
What is the tens digit of 166163535?
3
What is the millions digit of 718365004?
8
What is the millions digit of 37392891?
7
What is the ten millions digit of 25029080?
2
What is the hundred thousands digit of 16311090?
3
What is the units digit of 960053?
3
What is the hundred thousands digit of 2516164839?
1
What is the hundred thousands digit of 3966361016?
3
What is the tens digit of 989746707?
0
What is the millions digit of 579639417?
9
What is the units digit of 65372491?
1
What is the ten thousands digit of 34328829?
2
What is the ten millions digit of 29405788?
2
What is the thousands digit of 202409835?
9
What is the ten millions digit of 1085844843?
8
What is the millions digit of 701797000?
1
What is the thousands digit of 392690204?
0
What is the hundred thousands digit of 32120346?
1
What is the ten millions digit of 53533182?
5
What is the hundreds digit of 2977708861?
8
What is the millions digit of 5018028?
5
What is the hundred thousands digit of 72631505?
6
What is the thousands digit of 26282746?
2
What is the hundreds digit of 4275450214?
2
What is the millions digit of 5232863537?
2
What is the ten thousands digit of 76648276?
4
What is the millions digit of 1342778761?
2
What is the units digit of 535744993?
3
What is the millions digit of 815592381?
5
What is the hundred thousands digit of 160758712?
7
What is the hundreds digit of 19584034?
0
What is the ten millions digit of 1243720051?
4
What is the millions digit of 401367121?
1
What is the ten thousands digit of 4669164635?
6
What is the hundreds digit of 1701337228?
2
What is the tens digit of 10833394?
9
What is the ten millions digit of 39520654?
3
What is the hundred thousands digit of 265617878?
6
What is the ten thousands digit of 241814618?
1
What is the ten thousands digit of 184074352?
7
What is the millions digit of 306465253?
6
What is the units digit of 179726984?
4
What is the units digit of 73433547?
7
What is the tens digit of 34286855?
5
What is the millions digit of 265055235?
5
What is the billions digit of 4535101408?
4
What is the hundred millions digit of 100127195?
1
What is the billions digit of 1837312664?
1
What is the hundred thousands digit of 38048679?
0
What is the units digit of 1057494916?
6
What is the millions digit of 871423305?
1
What is the hundred thousands digit of 34663164?
6
What is the millions digit of 618885538?
8
What is the units digit of 422066603?
3
What is the tens digit of 2837115520?
2
What is the ten millions digit of 292173776?
9
What is the units digit of 34943021?
1
What is the ten millions digit of 3878088578?
7
What is the billions digit of 1212856447?
1
What is the ten millions digit of 6080877996?
8
What is the hundred thousands digit of 100071962?
0
What is the thousands digit of 57401228?
1
What is the ten millions digit of 69198591?
6
What is the hundreds digit of 38098133?
1
What is the millions digit of 6805226329?
5
What is the ten millions digit of 621722551?
2
What is the hundred thousands digit of 59911906?
9
What is the hundreds digit of 105575444?
4
What is the thousands digit of 2160069154?
9
What is the hundred thousands digit of 247761300?
7
What is the tens digit of 39503961?
6
What is the ten thousands digit of 130077859?
7
What is the ten millions digit of 68347171?
6
What is the tens digit of 84207854?
5
What is the tens digit of 37570